
1
Calculate the remainder when 19161 is divided by 4788.
9
Calculate the remainder when 35393 is divided by 2527.
15
What is the remainder when 3348 is divided by 423?
387
What is the remainder when 48580 is divided by 1886?
1430
Calculate the remainder when 2513 is divided by 626.
9
Calculate the remainder when 349213 is divided by 28.
25
Calculate the remainder when 4947 is divided by 74.
63
Calculate the remainder when 20241 is divided by 57.
6
What is the remainder when 27982 is divided by 42?
10
What is the remainder when 11585 is divided by 42?
35
Calculate the remainder when 1392902 is divided by 92860.
2
What is the remainder when 2466 is divided by 1037?
392
Calculate the remainder when 105423 is divided by 22.
21
What is the remainder when 4278 is divided by 4253?
25
Calculate the remainder when 12506 is divided by 16.
10
What is the remainder when 22971 is divided by 35?
11
What is the remainder when 35808 is divided by 1281?
1221
Calculate the remainder when 62100 is divided by 41.
26
What is the remainder when 2608 is divided by 669?
601
What is the remainder when 14484 is divided by 1326?
1224
Calculate the remainder when 210715 is divided by 9.
7
What is the remainder when 2060 is divided by 694?
672
Calculate the remainder when 56873 is divided by 129.
113
What is the remainder when 3990 is divided by 1321?
27
Calculate the remainder when 44024 is divided by 220.
24
Calculate the remainder when 16234 is divided by 24.
10
Calculate the remainder when 14105 is divided by 48.
41
What is the remainder when 119687 is divided by 8548?
15
What is the remainder when 190084 is divided by 8640?
4
What is the remainder when 120388 is divided by 174?
154
What is the remainder when 106129 is divided by 51?
49
What is the remainder when 4932 is divided by 241?
112
What is the remainder when 8908 is divided by 2034?
772
Calculate the remainder when 9707 is divided by 28.
19
Calculate the remainder when 14599 is divided by 199.
72
What is the remainder when 87791 is divided by 410?
51
Calculate the remainder when 157672 is divided by 496.
440
What is the remainder when 10800 is divided by 60?
0
Calculate the remainder when 7987 is divided by 885.
22
What is the remainder when 101951 is divided by 288?
287
Calculate the remainder when 20234 is divided by 10.
4
Calculate the remainder when 22035 is divided by 33.
24
What is the remainder when 189211 is divided by 205?
201
What is the remainder when 49781 is divided by 131?
1
Calculate the remainder when 345752 is divided by 336.
8
Calculate the remainder when 80858 is divided by 347.
7
Calculate the remainder when 1225 is divided by 211.
170
What is the remainder when 616 is divided by 231?
154
Calculate the remainder when 7665 is divided by 23.
6
Calculate the remainder when 2995 is divided by 2989.
6
What is the remainder when 372965 is divided by 20?
5
Calculate the remainder when 531086 is divided by 5.
1
Calculate the remainder when 26018 is divided by 239.
206
What is the remainder when 307312 is divided by 189?
187
What is the remainder when 20508 is divided by 7?
5
What is the remainder when 1008 is divided by 190?
58
What is the remainder when 33653 is divided by 16816?
21
What is the remainder when 1054 is divided by 88?
86
Calculate the remainder when 8101 is divided by 426.
7
What is the remainder when 3674913 is divided by 18?
15
What is the remainder when 1728359 is divided by 360?
359
What is the remainder when 9963 is divided by 1012?
855
Calculate the remainder when 3889 is divided by 188.
129
What is the remainder when 934 is divided by 773?
161
What is the remainder when 2064614 is divided by 35?
34
Calculate the remainder when 8812 is divided by 935.
397
What is the remainder when 271675 is divided by 160?
155
Calculate the remainder when 100267 is divided by 545.
532
What is the remainder when 32452 is divided by 3242?
32
Calculate the remainder when 143624 is divided by 10256.
40
Calculate the remainder when 119715 is divided by 54.
51
What is the remainder when 47181 is divided by 1242?
1227
Calculate the remainder when 3069 is divided by 5.
4
What is the remainder when 4072 is divided by 413?
355
Calculate the remainder when 504904 is divided by 309.
307
What is the remainder when 5619 is divided by 177?
132
What is the remainder when 351704 is divided by 29308?
8
Calculate the remainder when 6374 is divided by 151.
32
Calculate the remainder when 15706 is divided by 17.
15
Calculate the remainder when 2285 is divided by 48.
29
Calculate the remainder when 55519 is divided by 455.
9
What is the remainder when 200010 is divided by 39984?
90
Calculate the remainder when 10195 is divided by 871.
614
Calculate the remainder when 21119 is divided by 297.
32
What is the remainder when 127607 is divided by 18?
5
What is the remainder when 166359 is divided by 466?
463
What is the remainder when 28849 is divided by 50?
49
Calculate the remainder when 793 is divided by 709.
84
Calculate the remainder when 11729 is divided by 20.
9
What is the remainder when 139842 is divided by 126?
108
Calculate the remainder when 97244 is divided by 155.
59
What is the remainder when 11471 is divided by 21?
5
Calculate the remainder when 495506 is divided by 26.
24
Calculate the remainder when 143 is divided by 121.
22
Calculate the remainder when 3304 is divided by 29.
27
Calculate the remainder when 191 is divided by 145.
46
What is the remainder when 33843 is divided by 333?
210
What is the remainder when 2912 is divided by 956?
44
What is the remainder when 380417 is divided by 334?
325
What is the remainder when 9271 is divided by 4625?
21
What is the remainder when 2025 is divided by 9?
0
Calculate the remainder when 59918 is divided by 4277.
40
Calculate the remainder when 144313 is divided by 22.
15
Calculate the remainder when 838064 is divided by 171.
164
What is the remainder when 2240 is divided by 731?
47
What is the remainder when 35960 is divided by 572?
496
Calculate the remainder when 71653 is divided by 338.
335
What is the remainder when 53426 is divided by 33?
32
Calculate the remainder when 6784 is divided by 66.
52
Calculate the remainder when 27097 is divided by 61.
13
What is the remainder when 5200 is divided by 5002?
198
Calculate the remainder when 26797 is divided by 165.
67
Calculate the remainder when 1640 is divided by 310.
90
What is the remainder when 49719 is divided by 676?
371
What is the remainder when 32831 is divided by 4?
3
Calculate the remainder when 4109 is divided by 405.
59
What is the remainder when 40449 is divided by 20186?
77
What is the remainder when 78470 is divided by 1060?
30
What is the remainder when 1332667 is divided by 16?
11
What is the remainder when 7219 is divided by 290?
259
What is the remainder when 939706 is divided by 167?
164
What is the remainder when 11306 is divided by 3061?
2123
Calculate the remainder when 6249 is divided by 4254.
1995
Calculate the remainder when 393 is divided by 9.
6
What is the remainder when 11120 is divided by 83?
81
What is the remainder when 77891 is divided by 8653?
14
What is the remainder when 108 is divided by 40?
28
What is the remainder when 1259 is divided by 296?
75
What is the remainder when 13771 is divided by 6882?
7
What is the remainder when 31654 is divided by 1862?
0
Calculate the remainder when 618 is divided by 340.
278
What is the remainder when 4993 is divided by 50?
43
What is the remainder when 101988 is divided by 372?
60
What is the remainder when 1505820 is divided by 33?
30
What is the remainder when 138433 is divided by 138422?
11
What is the remainder when 7493 is divided by 182?
31
Calculate the remainder when 152846 is divided by 796.
14
What is the remainder when 497168 is divided by 122?
18
What is the remainder when 17221 is divided by 613?
57
Calculate the remainder when 242729 is divided by 1167.
1160
Calculate the remainder when 31617 is divided by 203.
152
What is the remainder when 37241 is divided by 383?
90
Calculate the remainder when 1013 is divided by 1000.
13
What is the remainder when 6885 is divided by 289?
238
Calculate the remainder when 5477 is divided by 420.
17
Calculate the remainder when 3939 is divided by 13.
0
Calculate the remainder when 